{"id":3,"date":"2020-06-27T18:57:49","date_gmt":"2020-06-27T18:57:49","guid":{"rendered":"https:\/\/istituti.swissbix.com\/index\/?page_id=3"},"modified":"2023-11-08T11:51:28","modified_gmt":"2023-11-08T09:51:28","slug":"privacy-policy","status":"publish","type":"page","link":"https:\/\/scuole-mmtp.ch\/index\/privacy-policy\/","title":{"rendered":"Privacy Policy"},"content":{"rendered":"<div class=\"fusion-fullwidth fullwidth-box fusion-builder-row-1 fusion-flex-container nonhundred-percent-fullwidth non-hundred-percent-height-scrolling\" style=\"--awb-border-radius-top-left:0px;--awb-border-radius-top-right:0px;--awb-border-radius-bottom-right:0px;--awb-border-radius-bottom-left:0px;--awb-flex-wrap:wrap;\" ><div class=\"fusion-builder-row fusion-row fusion-flex-align-items-flex-start fusion-flex-content-wrap\" style=\"max-width:1331.2px;margin-left: calc(-4% \/ 2 );margin-right: calc(-4% \/ 2 );\"><div class=\"fusion-layout-column fusion_builder_column fusion-builder-column-0 fusion_builder_column_1_1 1_1 fusion-flex-column\" style=\"--awb-bg-size:cover;--awb-width-large:100%;--awb-margin-top-large:0px;--awb-spacing-right-large:1.92%;--awb-margin-bottom-large:0px;--awb-spacing-left-large:1.92%;--awb-width-medium:100%;--awb-spacing-right-medium:1.92%;--awb-spacing-left-medium:1.92%;--awb-width-small:100%;--awb-spacing-right-small:1.92%;--awb-spacing-left-small:1.92%;\"><div class=\"fusion-column-wrapper fusion-flex-justify-content-flex-start fusion-content-layout-column\"><div class=\"fusion-text fusion-text-1\"><h1>Informativa sulla privacy relativa al trattamento dei dati personali del sito scuole-mmtp.ch<\/h1>\n<p>Ai sensi e per gli effetti di cui alla Legge sulla Protezione dei Dati Personali (LPDP Canton Ticino), dell\u2019art. 19 della Legge federale sulla protezione dei dati (LPD), in quanto applicabile secondo l\u2019art. 2, cpv 3, LPDP, e dell\u2019articolo 13 Regolamento del Regolamento (UE) 2016\/679 (GDPR), in quanto applicabile secondo l\u2019art. 3.2 lett. a) GDPR, Le forniamo le necessarie informazioni riguardo al trattamento dei dati personali raccolti durante la Sua esperienza di navigazione sul sito <strong><a href=\"https:\/\/scuole-mmtp.ch\/\">https:\/\/scuole-mmtp.ch\/<\/a><\/strong><\/p>\n<p>\u00a0<\/p>\n<p>\u00a0<\/p>\n<p><strong>1. CATEGORIE DI DATI PERSONALI OGGETTO DEL TRATTAMENTO | DEFINIZIONI<\/strong><\/p>\n<p>I dati personali forniti\u00a0\u2013\u00a0o altrimenti acquisiti in conformit\u00e0 delle disposizioni legislative e contrattuali in vigore\u00a0\u2013\u00a0inerenti, connessi e\/o strumentali alla valutazione della Sua esperienza sul nostro sito, saranno trattati ai sensi della normativa privacy e degli obblighi di riservatezza a Lei applicabili.<\/p>\n<p><strong>Dati personali: <\/strong>tutte le informazioni relative a una persona identificata o identificabile.<\/p>\n<p>In particolare, <strong>effettueremo il trattamento dei seguenti dati personali<\/strong>: dati di navigazione (per maggiori informazioni sui dati raccolti con i Cookie, leggere l\u2019<a href=\"https:\/\/scuole-mmtp.ch\/index\/cookie-policy\/\"><strong>Informativa sui Cookie<\/strong><\/a>), dati anagrafici (nome e cognome), dati di contatto (indirizzo e-mail).<\/p>\n<p><strong>Persone interessate<\/strong>: persone fisiche o giuridiche i cui dati sono oggetto del trattamento (nel seguito, anche \u201cLei\u201d).<\/p>\n<p>\u00a0<\/p>\n<p>\u00a0<\/p>\n<p><strong>2. IDENTIT\u00c0 E CONTATTI DEL TITOLARE DEL TRATTAMENTO<\/strong><\/p>\n<p>Il soggetto che determina finalit\u00e0 e mezzi del trattamento (di seguito anche solo il \u201cTitolare del trattamento\u201d o \u201cnoi\u201d) \u00e8 <strong>Direzione Congiunta Istituti Scolastici Medio Malcantone, Tresa e Pura, Villa Alta<\/strong>, via Meguld\u00ecn 18, 6986 Novaggio. Il Titolare del trattamento pu\u00f2 essere contattato al seguente indirizzo: <a href=\"mailto:info@scuole-mmtp.ch\">info@scuole-mmtp.ch<\/a><\/p>\n<p><strong>Trattamento\/elaborazione di dati:<\/strong> qualsiasi operazione relativa ai dati personali, indipendentemente dai mezzi e dalle procedure adottati, e segnatamente la raccolta, la conservazione, l\u2019uso, la revisione, la comunicazione, l\u2019archiviazione o la distruzione dei dati.<\/p>\n<p><strong>Comunicazione:<\/strong> ossia, rendere i dati personali accessibili, ad esempio consentendone l\u2019accesso, la trasmissione o la pubblicazione.<\/p>\n<p>\u00a0<\/p>\n<p>\u00a0<\/p>\n<p><strong>3. SCOPO DEL TRATTAMENTO | MOTIVO GIUSTIFICATIVO | PERIODO DI CONSERVAZIONE DEI DATI | NATURA DEL CONFERIMENTO<\/strong><\/p>\n<table border=\"1px\" width=\"100%\">\n<tbody>\n<tr>\n<td width=\"134\"><strong>SCOPO DEL TRATTAMENTO\u00a0<\/strong><\/td>\n<td width=\"131\"><strong>MOTIVO GIUSTIFICATIVO | BASE GIURIDICA<\/strong><\/td>\n<td width=\"113\"><strong>PERIODO DI CONSERVAZIONE DEI DATI<\/strong><\/td>\n<td width=\"113\"><strong>NATURA DEL CONFERIMENTO<\/strong><\/td>\n<\/tr>\n<tr>\n<td width=\"134\">\n<p>a)\u00a0\u00a0\u00a0\u00a0\u00a0 Attivit\u00e0 strettamente necessarie alla navigazione dell\u2019utente su questo sito Internet e per controllare il suo corretto funzionamento.<\/p>\n<p>Si precisa che i sistemi informatici preposti al funzionamento di questo sito acquisiscono, nel corso del loro normale esercizio, alcuni dati personali la cui trasmissione \u00e8 implicita nell\u2019uso dei protocolli di comunicazione di Internet. In questa categoria di dati rientrano gli indirizzi IP o i nomi a dominio dei computer e dei terminali utilizzati dagli utenti, gli indirizzi in notazione URI\/URL (Uniform Resource Identifier \/\u00a0 Locator) delle risorse richieste, l\u2019orario della richiesta, il metodo utilizzato nel sottoporre la richiesta al server, la dimensione del file ottenuto in risposta, il codice numerico indicante lo stato della risposta data dal server (buon fine, errore, ecc.) ed altri parametri relativi al sistema operativo e all\u2019ambiente informatico dell\u2019utente.<\/p>\n<\/td>\n<td width=\"131\">Interesse Preponderante del Titolare del trattamento | Legittimo Interesse del Titolare del trattamento<\/td>\n<td width=\"113\">\n<p>I dati saranno conservati fino al termine della sessione di navigazione.<\/p>\n<p>Per i dati trattati con cookie, si prega di consultare la nostra <a href=\"https:\/\/scuole-mmtp.ch\/index\/cookie-policy\/\" target=\"_blank\" rel=\"noopener\"><strong>Cookie Policy<\/strong><\/a><\/p>\n<\/td>\n<td width=\"113\">Il conferimento \u00e8 necessario per la navigazione sul sito.<\/td>\n<\/tr>\n<tr>\n<td width=\"134\">b) Iscrizione al servizio di notifiche<\/td>\n<td width=\"131\">Consenso<\/td>\n<td width=\"113\">\n<p>Dati di contatto: 10 anni per finalit\u00e0 amministrative<\/p>\n<p>Dati identificativi: 10 anni per finalit\u00e0 amministrative<\/p>\n<p>Dati di connessione: Fino al termine della navigazione<\/p>\n<\/td>\n<td width=\"113\">Fino a revoca del consenso<\/td>\n<\/tr>\n<\/tbody>\n<\/table>\n<p>\u00a0<\/p>\n<p>\u00a0<\/p>\n<p><strong>3.1 MODALIT\u00c0 DI TRATTAMENTO DEI DATI<\/strong><\/p>\n<p>Il trattamento sar\u00e0 svolto in forma automatizzata e\/o manuale, con modalit\u00e0 e strumenti volti a garantire la massima sicurezza e riservatezza, ad opera di soggetti di ci\u00f2 appositamente istruiti. I dati personali raccolti verranno conservati in una forma che consenta l\u2019identificazione degli interessati per un arco di tempo non superiore al conseguimento delle finalit\u00e0 per le quali i dati personali sono trattati.<\/p>\n<p>\u00a0<\/p>\n<p>\u00a0<\/p>\n<p><strong>4. DESTINATARI DEI DATI PERSONALI\u00a0<\/strong><\/p>\n<p>Possiamo condividere le informazioni personali con i dipendenti e\/o il personale che agisce sotto l\u2019autorit\u00e0 del Titolare del trattamento (debitamente istruiti a tal fine), oltre a terzi vincolati al Titolare da rapporto contrattuale, allo scopo di adempiere gli obblighi contrattuali e di soddisfare una o pi\u00f9 delle predette finalit\u00e0 del trattamento. Tali terzi elaboreranno i dati forniti in qualit\u00e0 di responsabili del trattamento o di titolari del trattamento indipendenti. Nello specifico, possiamo condividere i dati personali raccolti con le seguenti categorie di destinatari: a) soggetti che forniscono servizi correlati al funzionamento di questo sito internet e solo per permettere loro di eseguire i servizi previsti (per es., hosting provider, webmaster); b) altri organi pubblici, qualora i dati siano indispensabili all\u2019organo richiedente per l\u2019adempimento dei suoi compiti legali (es. Comune di riferimento); c) autorit\u00e0 competenti per il rispetto degli obblighi di legge e\/o le disposizioni degli enti pubblici, su richiesta.<\/p>\n<p>\u00a0<\/p>\n<p>\u00a0<\/p>\n<p><strong>5. TRASMISSIONE DEI DATI PERSONALI AL DI FUORI DELLA CONFEDERAZIONE\u00a0<\/strong><\/p>\n<p>Il sito \u00e8 basato in Svizzera (hosting), pertanto i dati non verranno trasferiti all\u2019estero.<\/p>\n<p>\u00a0<\/p>\n<p>\u00a0<\/p>\n<p><strong>6. DIRITTI DELL\u2019INTERESSATO<\/strong><\/p>\n<table border=\"1px\" width=\"100%\">\n<tbody>\n<tr>\n<td width=\"247\">\n<p>Ai sensi della LPDP e, in quanto applicabile, della LPD, Le sono riconosciuti i seguenti diritti (lista non esauriente):<\/p>\n<p>\u25cf\u00a0\u00a0\u00a0\u00a0\u00a0\u00a0 ottenere la rettifica dei dati personali inesatti o obsoleti;<\/p>\n<p>\u25cf\u00a0\u00a0\u00a0\u00a0\u00a0\u00a0 essere informato\/a per iscritto e gratuitamente se i dati personali che La riguardano sono oggetto di trattamento;<\/p>\n<p>\u25cf\u00a0\u00a0\u00a0\u00a0\u00a0\u00a0 prevenire la comunicazione a terzi di eventuali dati personali sensibili;<\/p>\n<p>\u25cf\u00a0\u00a0\u00a0\u00a0\u00a0\u00a0 ottenere la portabilit\u00e0 dei dati personali o richiedere che vengano trasferiti a terzi;<\/p>\n<p>\u25cf\u00a0\u00a0\u00a0\u00a0\u00a0\u00a0 richiedere la limitazione o il blocco del trattamento dei dati, la prevenzione della comunicazione dei dati a terzi o la rettifica o distruzione dei dati personali;<\/p>\n<p>\u25cf\u00a0\u00a0\u00a0\u00a0\u00a0\u00a0 richiedere il divieto di uno specifico trattamento dei dati personali e di una specifica comunicazione dei dati personali a terzi o la cancellazione o distruzione di determinati dati personali;<\/p>\n<p>\u25cf\u00a0\u00a0\u00a0\u00a0\u00a0\u00a0 qualora n\u00e9 la correttezza n\u00e9 l\u2019inesattezza dei dati personali possano essere provate, richiedere l\u2019aggiunta di una nota per indicare la contestazione;<\/p>\n<p>\u25cf\u00a0\u00a0\u00a0\u00a0\u00a0\u00a0 richiedere che la rettifica, la distruzione, il blocco, soprattutto la comunicazione a terzi, oltre alla nota sulla contestazione o sentenza venga comunicata a terzi o pubblicata;<\/p>\n<p>\u25cf\u00a0\u00a0\u00a0\u00a0\u00a0\u00a0 far dichiarare l\u2019illegittimit\u00e0 del trattamento dei dati personali.<\/p>\n<\/td>\n<td width=\"247\">\n<p>Ai sensi del GDPR, Le sono riconosciuti i seguenti diritti:<\/p>\n<p>\u25cf\u00a0\u00a0\u00a0\u00a0\u00a0\u00a0 Ottenere dal titolare del trattamento la conferma che sia o meno in corso un trattamento di dati personali che la riguardano e in tal caso, di ottenere l&#8217;accesso ai dati personali (Accesso);<\/p>\n<p>\u25cf\u00a0\u00a0\u00a0\u00a0\u00a0\u00a0 Ottenere dal titolare del trattamento la rettifica dei dati personali inesatti che lo riguardano (Rettifica);<\/p>\n<p>\u25cf\u00a0\u00a0\u00a0\u00a0\u00a0\u00a0 Ottenere dal titolare del trattamento la cancellazione dei dati personali che lo riguardano (Cancellazione);<\/p>\n<p>\u25cf\u00a0\u00a0\u00a0\u00a0\u00a0\u00a0 Ottenere dal titolare del trattamento la limitazione del trattamento (Limitazione);<\/p>\n<p>\u25cf\u00a0\u00a0\u00a0\u00a0\u00a0\u00a0 Ricevere in un formato strutturato, di uso comune e leggibile da dispositivo automatico i dati personali che la riguardano forniti a un titolare del trattamento e ha il diritto di trasmettere tali dati a un altro titolare del trattamento senza impedimenti da parte del titolare del trattamento cui li ha forniti (Portabilit\u00e0);<\/p>\n<p>\u25cf\u00a0\u00a0\u00a0\u00a0\u00a0\u00a0 Opporsi in qualsiasi momento, per motivi connessi alla sua situazione particolare, al trattamento dei dati personali che lo riguardano (Opposizione).<\/p>\n<\/td>\n<\/tr>\n<\/tbody>\n<\/table>\n<p>Riservato ogni altro ricorso amministrativo e giurisdizionale, se l\u2019utente ritiene che il trattamento dei dati che lo riguarda violi quanto previsto dalla LPDP, dalla LPD e dal GDPR (per quanto applicabili), ha il diritto di rivolgersi alla competente Autorit\u00e0 di controllo (Per la Svizzera: Incaricato Cantonale per la Protezione dei dati e Incaricato Federale per la Protezione dei dati e per la Trasparenza; per lo Spazio Economico Europeo, si pu\u00f2 consultare il sito web dell\u2019European Data Protection Board qui <a href=\"https:\/\/edpb.europa.eu\/about-edpb\/about-edpb\/members_it\" target=\"_blank\" rel=\"noopener\"><strong>https:\/\/edpb.europa.eu\/about-edpb\/about-edpb\/members_it<\/strong><\/a>).<\/p>\n<p>Pu\u00f2 esercitare i Suoi diritti ai sensi della LPDP, della LPD e del GDPR (per quanto applicabili) contattando il Titolare del trattamento scrivendo agli indirizzi sopra indicati.<\/p>\n<p>\u00a0<\/p>\n<p>\u00a0<\/p>\n<p><strong>7. INFORMAZIONI AGGIUNTIVE | MODIFICHE | AGGIORNAMENTI<\/strong><\/p>\n<p>Il Titolare del trattamento si riserva il diritto di rivedere, aggiornare, aggiungere o rimuovere qualsiasi parte della presente informativa sulla privacy a propria discrezione in qualsiasi momento. In caso di modifiche, verr\u00e0 indicata la data di aggiornamento.<\/p>\n<p><strong>Data dell\u2019ultimo aggiornamento:<\/strong> 08.11.2023<\/p>\n<\/div><\/div><\/div><\/div><\/div>\n","protected":false},"excerpt":{"rendered":"","protected":false},"author":1,"featured_media":0,"parent":0,"menu_order":0,"comment_status":"closed","ping_status":"open","template":"","meta":{"footnotes":""},"class_list":["post-3","page","type-page","status-publish","hentry"],"post_mailing_queue_ids":[],"_links":{"self":[{"href":"https:\/\/scuole-mmtp.ch\/index\/wp-json\/wp\/v2\/pages\/3","targetHints":{"allow":["GET"]}}],"collection":[{"href":"https:\/\/scuole-mmtp.ch\/index\/wp-json\/wp\/v2\/pages"}],"about":[{"href":"https:\/\/scuole-mmtp.ch\/index\/wp-json\/wp\/v2\/types\/page"}],"author":[{"embeddable":true,"href":"https:\/\/scuole-mmtp.ch\/index\/wp-json\/wp\/v2\/users\/1"}],"replies":[{"embeddable":true,"href":"https:\/\/scuole-mmtp.ch\/index\/wp-json\/wp\/v2\/comments?post=3"}],"version-history":[{"count":3,"href":"https:\/\/scuole-mmtp.ch\/index\/wp-json\/wp\/v2\/pages\/3\/revisions"}],"predecessor-version":[{"id":4697,"href":"https:\/\/scuole-mmtp.ch\/index\/wp-json\/wp\/v2\/pages\/3\/revisions\/4697"}],"wp:attachment":[{"href":"https:\/\/scuole-mmtp.ch\/index\/wp-json\/wp\/v2\/media?parent=3"}],"curies":[{"name":"wp","href":"https:\/\/api.w.org\/{rel}","templated":true}]}}

<div class="fusion-fullwidth fullwidth-box fusion-builder-row-1 fusion-flex-container nonhundred-percent-fullwidth non-hundred-percent-height-scrolling" style="--awb-border-radius-top-left:0px;--awb-border-radius-top-right:0px;--awb-border-radius-bottom-right:0px;--awb-border-radius-bottom-left:0px;--awb-flex-wrap:wrap;" ><div class="fusion-builder-row fusion-row fusion-flex-align-items-flex-start fusion-flex-content-wrap" style="max-width:1331.2px;margin-left: calc(-4% / 2 );margin-right: calc(-4% / 2 );"><div class="fusion-layout-column fusion_builder_column fusion-builder-column-0 fusion_builder_column_1_1 1_1 fusion-flex-column" style="--awb-bg-size:cover;--awb-width-large:100%;--awb-margin-top-large:0px;--awb-spacing-right-large:1.92%;--awb-margin-bottom-large:0px;--awb-spacing-left-large:1.92%;--awb-width-medium:100%;--awb-spacing-right-medium:1.92%;--awb-spacing-left-medium:1.92%;--awb-width-small:100%;--awb-spacing-right-small:1.92%;--awb-spacing-left-small:1.92%;"><div class="fusion-column-wrapper fusion-flex-justify-content-flex-start fusion-content-layout-column"><div class="fusion-text fusion-text-1"><h1>Informativa sulla privacy relativa al trattamento dei dati personali del sito scuole-mmtp.ch</h1>
<p>Ai sensi e per gli effetti di cui alla Legge sulla Protezione dei Dati Personali (LPDP Canton Ticino), dell’art. 19 della Legge federale sulla protezione dei dati (LPD), in quanto applicabile secondo l’art. 2, cpv 3, LPDP, e dell’articolo 13 Regolamento del Regolamento (UE) 2016/679 (GDPR), in quanto applicabile secondo l’art. 3.2 lett. a) GDPR, Le forniamo le necessarie informazioni riguardo al trattamento dei dati personali raccolti durante la Sua esperienza di navigazione sul sito <strong><a href="https://scuole-mmtp.ch/">https://scuole-mmtp.ch/</a></strong></p>
<p> </p>
<p> </p>
<p><strong>1. CATEGORIE DI DATI PERSONALI OGGETTO DEL TRATTAMENTO | DEFINIZIONI</strong></p>
<p>I dati personali forniti – o altrimenti acquisiti in conformità delle disposizioni legislative e contrattuali in vigore – inerenti, connessi e/o strumentali alla valutazione della Sua esperienza sul nostro sito, saranno trattati ai sensi della normativa privacy e degli obblighi di riservatezza a Lei applicabili.</p>
<p><strong>Dati personali: </strong>tutte le informazioni relative a una persona identificata o identificabile.</p>
<p>In particolare, <strong>effettueremo il trattamento dei seguenti dati personali</strong>: dati di navigazione (per maggiori informazioni sui dati raccolti con i Cookie, leggere l’<a href="https://scuole-mmtp.ch/index/cookie-policy/"><strong>Informativa sui Cookie</strong></a>), dati anagrafici (nome e cognome), dati di contatto (indirizzo e-mail).</p>
<p><strong>Persone interessate</strong>: persone fisiche o giuridiche i cui dati sono oggetto del trattamento (nel seguito, anche “Lei”).</p>
<p> </p>
<p> </p>
<p><strong>2. IDENTITÀ E CONTATTI DEL TITOLARE DEL TRATTAMENTO</strong></p>
<p>Il soggetto che determina finalità e mezzi del trattamento (di seguito anche solo il “Titolare del trattamento” o “noi”) è <strong>Direzione Congiunta Istituti Scolastici Medio Malcantone, Tresa e Pura, Villa Alta</strong>, via Meguldìn 18, 6986 Novaggio. Il Titolare del trattamento può essere contattato al seguente indirizzo: <a href="mailto:info@scuole-mmtp.ch">info@scuole-mmtp.ch</a></p>
<p><strong>Trattamento/elaborazione di dati:</strong> qualsiasi operazione relativa ai dati personali, indipendentemente dai mezzi e dalle procedure adottati, e segnatamente la raccolta, la conservazione, l’uso, la revisione, la comunicazione, l’archiviazione o la distruzione dei dati.</p>
<p><strong>Comunicazione:</strong> ossia, rendere i dati personali accessibili, ad esempio consentendone l’accesso, la trasmissione o la pubblicazione.</p>
<p> </p>
<p> </p>
<p><strong>3. SCOPO DEL TRATTAMENTO | MOTIVO GIUSTIFICATIVO | PERIODO DI CONSERVAZIONE DEI DATI | NATURA DEL CONFERIMENTO</strong></p>
<table border="1px" width="100%">
<tbody>
<tr>
<td width="134"><strong>SCOPO DEL TRATTAMENTO </strong></td>
<td width="131"><strong>MOTIVO GIUSTIFICATIVO | BASE GIURIDICA</strong></td>
<td width="113"><strong>PERIODO DI CONSERVAZIONE DEI DATI</strong></td>
<td width="113"><strong>NATURA DEL CONFERIMENTO</strong></td>
</tr>
<tr>
<td width="134">
<p>a)      Attività strettamente necessarie alla navigazione dell’utente su questo sito Internet e per controllare il suo corretto funzionamento.</p>
<p>Si precisa che i sistemi informatici preposti al funzionamento di questo sito acquisiscono, nel corso del loro normale esercizio, alcuni dati personali la cui trasmissione è implicita nell’uso dei protocolli di comunicazione di Internet. In questa categoria di dati rientrano gli indirizzi IP o i nomi a dominio dei computer e dei terminali utilizzati dagli utenti, gli indirizzi in notazione URI/URL (Uniform Resource Identifier /  Locator) delle risorse richieste, l’orario della richiesta, il metodo utilizzato nel sottoporre la richiesta al server, la dimensione del file ottenuto in risposta, il codice numerico indicante lo stato della risposta data dal server (buon fine, errore, ecc.) ed altri parametri relativi al sistema operativo e all’ambiente informatico dell’utente.</p>
</td>
<td width="131">Interesse Preponderante del Titolare del trattamento | Legittimo Interesse del Titolare del trattamento</td>
<td width="113">
<p>I dati saranno conservati fino al termine della sessione di navigazione.</p>
<p>Per i dati trattati con cookie, si prega di consultare la nostra <a href="https://scuole-mmtp.ch/index/cookie-policy/" target="_blank" rel="noopener"><strong>Cookie Policy</strong></a></p>
</td>
<td width="113">Il conferimento è necessario per la navigazione sul sito.</td>
</tr>
<tr>
<td width="134">b) Iscrizione al servizio di notifiche</td>
<td width="131">Consenso</td>
<td width="113">
<p>Dati di contatto: 10 anni per finalità amministrative</p>
<p>Dati identificativi: 10 anni per finalità amministrative</p>
<p>Dati di connessione: Fino al termine della navigazione</p>
</td>
<td width="113">Fino a revoca del consenso</td>
</tr>
</tbody>
</table>
<p> </p>
<p> </p>
<p><strong>3.1 MODALITÀ DI TRATTAMENTO DEI DATI</strong></p>
<p>Il trattamento sarà svolto in forma automatizzata e/o manuale, con modalità e strumenti volti a garantire la massima sicurezza e riservatezza, ad opera di soggetti di ciò appositamente istruiti. I dati personali raccolti verranno conservati in una forma che consenta l’identificazione degli interessati per un arco di tempo non superiore al conseguimento delle finalità per le quali i dati personali sono trattati.</p>
<p> </p>
<p> </p>
<p><strong>4. DESTINATARI DEI DATI PERSONALI </strong></p>
<p>Possiamo condividere le informazioni personali con i dipendenti e/o il personale che agisce sotto l’autorità del Titolare del trattamento (debitamente istruiti a tal fine), oltre a terzi vincolati al Titolare da rapporto contrattuale, allo scopo di adempiere gli obblighi contrattuali e di soddisfare una o più delle predette finalità del trattamento. Tali terzi elaboreranno i dati forniti in qualità di responsabili del trattamento o di titolari del trattamento indipendenti. Nello specifico, possiamo condividere i dati personali raccolti con le seguenti categorie di destinatari: a) soggetti che forniscono servizi correlati al funzionamento di questo sito internet e solo per permettere loro di eseguire i servizi previsti (per es., hosting provider, webmaster); b) altri organi pubblici, qualora i dati siano indispensabili all’organo richiedente per l’adempimento dei suoi compiti legali (es. Comune di riferimento); c) autorità competenti per il rispetto degli obblighi di legge e/o le disposizioni degli enti pubblici, su richiesta.</p>
<p> </p>
<p> </p>
<p><strong>5. TRASMISSIONE DEI DATI PERSONALI AL DI FUORI DELLA CONFEDERAZIONE </strong></p>
<p>Il sito è basato in Svizzera (hosting), pertanto i dati non verranno trasferiti all’estero.</p>
<p> </p>
<p> </p>
<p><strong>6. DIRITTI DELL’INTERESSATO</strong></p>
<table border="1px" width="100%">
<tbody>
<tr>
<td width="247">
<p>Ai sensi della LPDP e, in quanto applicabile, della LPD, Le sono riconosciuti i seguenti diritti (lista non esauriente):</p>
<p>●       ottenere la rettifica dei dati personali inesatti o obsoleti;</p>
<p>●       essere informato/a per iscritto e gratuitamente se i dati personali che La riguardano sono oggetto di trattamento;</p>
<p>●       prevenire la comunicazione a terzi di eventuali dati personali sensibili;</p>
<p>●       ottenere la portabilità dei dati personali o richiedere che vengano trasferiti a terzi;</p>
<p>●       richiedere la limitazione o il blocco del trattamento dei dati, la prevenzione della comunicazione dei dati a terzi o la rettifica o distruzione dei dati personali;</p>
<p>●       richiedere il divieto di uno specifico trattamento dei dati personali e di una specifica comunicazione dei dati personali a terzi o la cancellazione o distruzione di determinati dati personali;</p>
<p>●       qualora né la correttezza né l’inesattezza dei dati personali possano essere provate, richiedere l’aggiunta di una nota per indicare la contestazione;</p>
<p>●       richiedere che la rettifica, la distruzione, il blocco, soprattutto la comunicazione a terzi, oltre alla nota sulla contestazione o sentenza venga comunicata a terzi o pubblicata;</p>
<p>●       far dichiarare l’illegittimità del trattamento dei dati personali.</p>
</td>
<td width="247">
<p>Ai sensi del GDPR, Le sono riconosciuti i seguenti diritti:</p>
<p>●       Ottenere dal titolare del trattamento la conferma che sia o meno in corso un trattamento di dati personali che la riguardano e in tal caso, di ottenere l&#8217;accesso ai dati personali (Accesso);</p>
<p>●       Ottenere dal titolare del trattamento la rettifica dei dati personali inesatti che lo riguardano (Rettifica);</p>
<p>●       Ottenere dal titolare del trattamento la cancellazione dei dati personali che lo riguardano (Cancellazione);</p>
<p>●       Ottenere dal titolare del trattamento la limitazione del trattamento (Limitazione);</p>
<p>●       Ricevere in un formato strutturato, di uso comune e leggibile da dispositivo automatico i dati personali che la riguardano forniti a un titolare del trattamento e ha il diritto di trasmettere tali dati a un altro titolare del trattamento senza impedimenti da parte del titolare del trattamento cui li ha forniti (Portabilità);</p>
<p>●       Opporsi in qualsiasi momento, per motivi connessi alla sua situazione particolare, al trattamento dei dati personali che lo riguardano (Opposizione).</p>
</td>
</tr>
</tbody>
</table>
<p>Riservato ogni altro ricorso amministrativo e giurisdizionale, se l’utente ritiene che il trattamento dei dati che lo riguarda violi quanto previsto dalla LPDP, dalla LPD e dal GDPR (per quanto applicabili), ha il diritto di rivolgersi alla competente Autorità di controllo (Per la Svizzera: Incaricato Cantonale per la Protezione dei dati e Incaricato Federale per la Protezione dei dati e per la Trasparenza; per lo Spazio Economico Europeo, si può consultare il sito web dell’European Data Protection Board qui <a href="https://edpb.europa.eu/about-edpb/about-edpb/members_it" target="_blank" rel="noopener"><strong>https://edpb.europa.eu/about-edpb/about-edpb/members_it</strong></a>).</p>
<p>Può esercitare i Suoi diritti ai sensi della LPDP, della LPD e del GDPR (per quanto applicabili) contattando il Titolare del trattamento scrivendo agli indirizzi sopra indicati.</p>
<p> </p>
<p> </p>
<p><strong>7. INFORMAZIONI AGGIUNTIVE | MODIFICHE | AGGIORNAMENTI</strong></p>
<p>Il Titolare del trattamento si riserva il diritto di rivedere, aggiornare, aggiungere o rimuovere qualsiasi parte della presente informativa sulla privacy a propria discrezione in qualsiasi momento. In caso di modifiche, verrà indicata la data di aggiornamento.</p>
<p><strong>Data dell’ultimo aggiornamento:</strong> 08.11.2023</p>
</div></div></div></div></div>
